{"id":2032,"date":"2023-08-03T12:40:21","date_gmt":"2023-08-03T11:40:21","guid":{"rendered":"https:\/\/ibeeauty.com\/?page_id=2032"},"modified":"2023-11-09T17:13:38","modified_gmt":"2023-11-09T17:13:38","slug":"faqs-portuguese","status":"publish","type":"page","link":"https:\/\/ibeeauty.com\/index.php\/faqs-portuguese\/","title":{"rendered":"BioNurse &#8211; FAQs &#8211; Portuguese"},"content":{"rendered":"\t\t<div data-elementor-type=\"wp-page\" data-elementor-id=\"2032\" class=\"elementor elementor-2032\" data-elementor-post-type=\"page\">\n\t\t\t\t\t\t<section class=\"elementor-section elementor-top-section elementor-element elementor-element-4a1591df elementor-section-boxed elementor-section-height-default elementor-section-height-default\" data-id=\"4a1591df\" data-element_type=\"section\" data-e-type=\"section\" data-settings=\"{&quot;background_background&quot;:&quot;classic&quot;}\">\n\t\t\t\t\t\t\t<div class=\"elementor-background-overlay\"><\/div>\n\t\t\t\t\t\t\t<div class=\"elementor-container elementor-column-gap-default\">\n\t\t\t\t\t<div class=\"elementor-column elementor-col-100 elementor-top-column elementor-element elementor-element-6afb3b9f\" data-id=\"6afb3b9f\" data-element_type=\"column\" data-e-type=\"column\">\n\t\t\t<div class=\"elementor-widget-wrap elementor-element-populated\">\n\t\t\t\t\t\t<div class=\"elementor-element elementor-element-5f46eb5e elementor-widget elementor-widget-heading\" data-id=\"5f46eb5e\" data-element_type=\"widget\" data-e-type=\"widget\" data-widget_type=\"heading.default\">\n\t\t\t\t<div class=\"elementor-widget-container\">\n\t\t\t\t\t<h1 class=\"elementor-heading-title elementor-size-default\">FAQs (Perguntas Frequentes)<\/h1>\t\t\t\t<\/div>\n\t\t\t\t<\/div>\n\t\t\t\t\t<\/div>\n\t\t<\/div>\n\t\t\t\t\t<\/div>\n\t\t<\/section>\n\t\t\t\t<section class=\"elementor-section elementor-top-section elementor-element elementor-element-25a387f6 elementor-section-content-top elementor-section-boxed elementor-section-height-default elementor-section-height-default\" data-id=\"25a387f6\" data-element_type=\"section\" data-e-type=\"section\" data-settings=\"{&quot;background_background&quot;:&quot;classic&quot;}\">\n\t\t\t\t\t\t\t<div class=\"elementor-background-overlay\"><\/div>\n\t\t\t\t\t\t\t<div class=\"elementor-container elementor-column-gap-no\">\n\t\t\t\t\t<div class=\"elementor-column elementor-col-100 elementor-top-column elementor-element elementor-element-2ebfed67\" data-id=\"2ebfed67\" data-element_type=\"column\" data-e-type=\"column\">\n\t\t\t<div class=\"elementor-widget-wrap elementor-element-populated\">\n\t\t\t\t\t\t<div class=\"elementor-element elementor-element-2aa7fc4e elementor-widget elementor-widget-heading\" data-id=\"2aa7fc4e\" data-element_type=\"widget\" data-e-type=\"widget\" data-widget_type=\"heading.default\">\n\t\t\t\t<div class=\"elementor-widget-container\">\n\t\t\t\t\t<h2 class=\"elementor-heading-title elementor-size-default\">N\u00f3s recebemos estas perguntas com frequ\u00eancia. Aqui est\u00e3o as melhores respostas...<\/h2>\t\t\t\t<\/div>\n\t\t\t\t<\/div>\n\t\t\t\t<section class=\"elementor-section elementor-inner-section elementor-element elementor-element-43beccaa elementor-section-boxed elementor-section-height-default elementor-section-height-default\" data-id=\"43beccaa\" data-element_type=\"section\" data-e-type=\"section\">\n\t\t\t\t\t\t<div class=\"elementor-container elementor-column-gap-default\">\n\t\t\t\t\t<div class=\"elementor-column elementor-col-50 elementor-inner-column elementor-element elementor-element-42eab6d9\" data-id=\"42eab6d9\" data-element_type=\"column\" data-e-type=\"column\">\n\t\t\t<div class=\"elementor-widget-wrap elementor-element-populated\">\n\t\t\t\t\t\t<div class=\"elementor-element elementor-element-961668a elementor-widget elementor-widget-heading\" data-id=\"961668a\" data-element_type=\"widget\" data-e-type=\"widget\" data-widget_type=\"heading.default\">\n\t\t\t\t<div class=\"elementor-widget-container\">\n\t\t\t\t\t<h2 class=\"elementor-heading-title elementor-size-default\">Eu tentei de tudo. Agora eu sou c\u00e9tico. Eu acredito que nada funciona. Por que eu deveria acreditar em voc\u00eas?<\/h2>\t\t\t\t<\/div>\n\t\t\t\t<\/div>\n\t\t\t\t<div class=\"elementor-element elementor-element-eec0aae elementor-widget elementor-widget-text-editor\" data-id=\"eec0aae\" data-element_type=\"widget\" data-e-type=\"widget\" data-widget_type=\"text-editor.default\">\n\t\t\t\t<div class=\"elementor-widget-container\">\n\t\t\t\t\t\t\t\t\t<p><span style=\"color: #3b6064;\"><strong>Respostas:<\/strong><\/span> N\u00f3s entendemos seu ceticismo e estamos aqui para ajudar. Na Bionurse, n\u00f3s nos especializamos em Terapia com Oz\u00f4nio, uma abordagem poderosa e natural para aliviar a dor e melhorar o bem-estar geral. In\u00fameros clientes encontraram al\u00edvio por meio de nossos servi\u00e7os, mesmo depois de experimentar v\u00e1rios tratamentos.<\/p><p><span style=\"color: #3b6064;\"><strong>Como a Bionurse pode ajud\u00e1-lo:<\/strong><\/span> Nossa Terapia com Oz\u00f4nio \u00e9 adaptada para atender \u00e0s suas preocupa\u00e7\u00f5es espec\u00edficas de dor, visando a causa raiz e promovendo o processo de cura natural do seu corpo. N\u00f3s temos orgulho do feedback positivo que recebemos de nossos clientes, e nossa equipe de profissionais experientes se dedica a garantir sua satisfa\u00e7\u00e3o.<\/p><p><span style=\"color: #3b6064;\"><strong>Sua Liberdade da Dor:<\/strong><\/span> N\u00f3s reconhecemos a import\u00e2ncia de viver sem dor e queremos oferecer a voc\u00ea uma oportunidade sem riscos de experimentar os benef\u00edcios da Terapia com Oz\u00f4nio. Como novo cliente, voc\u00ea pode aproveitar descontos exclusivos de 30%, 40% e at\u00e9 50% em servi\u00e7os selecionados.<\/p><p><span style=\"color: #3b6064;\"><strong>Comece Sua Consulta Gratuita:<\/strong><\/span> Comece sua jornada em dire\u00e7\u00e3o a uma vida sem dor hoje, aproveitando nossa consulta gratuita. N\u00f3s abordaremos suas d\u00favidas e preocupa\u00e7\u00f5es e, juntos, podemos desenvolver um plano de tratamento personalizado que atenda \u00e0s suas necessidades.<\/p><p><span style=\"color: #3b6064;\"><strong>Acredite nas Possibilidades:<\/strong><\/span> N\u00f3s acreditamos firmemente que a Terapia com Oz\u00f4nio pode fazer a diferen\u00e7a na sua vida. Experimente voc\u00ea mesmo o potencial de nossos servi\u00e7os e deixe-nos gui\u00e1-lo em seu caminho para o al\u00edvio e bem-estar.<\/p>\t\t\t\t\t\t\t\t<\/div>\n\t\t\t\t<\/div>\n\t\t\t\t<div class=\"elementor-element elementor-element-bc53a0a elementor-widget elementor-widget-heading\" data-id=\"bc53a0a\" data-element_type=\"widget\" data-e-type=\"widget\" data-widget_type=\"heading.default\">\n\t\t\t\t<div class=\"elementor-widget-container\">\n\t\t\t\t\t<h2 class=\"elementor-heading-title elementor-size-default\">Por que meu m\u00e9dico n\u00e3o sugeriu isso, ou por que eu nunca ouvi falar disso antes?<\/h2>\t\t\t\t<\/div>\n\t\t\t\t<\/div>\n\t\t\t\t<div class=\"elementor-element elementor-element-da235bf elementor-widget elementor-widget-text-editor\" data-id=\"da235bf\" data-element_type=\"widget\" data-e-type=\"widget\" data-widget_type=\"text-editor.default\">\n\t\t\t\t<div class=\"elementor-widget-container\">\n\t\t\t\t\t\t\t\t\t<p><span style=\"color: #3b6064;\"><strong>Resposta:<\/strong><\/span> N\u00f3s entendemos sua frustra\u00e7\u00e3o e preocupa\u00e7\u00e3o por n\u00e3o ter sido informado sobre a Terapia com Oz\u00f4nio antes. A ind\u00fastria m\u00e9dica se concentra principalmente em medicamentos para controlar a dor, e m\u00e9todos naturais como a Terapia com Oz\u00f4nio podem n\u00e3o receber tanta aten\u00e7\u00e3o. A educa\u00e7\u00e3o m\u00e9dica oferece exposi\u00e7\u00e3o limitada a abordagens naturais. No entanto, n\u00f3s garantimos que a Terapia com Oz\u00f4nio \u00e9 um m\u00e9todo leg\u00edtimo e eficaz de al\u00edvio da dor que utiliza o pr\u00f3prio sistema imunol\u00f3gico do seu corpo para lidar com a dor cr\u00f4nica.<\/p><p><strong><span style=\"color: #3b6064;\">Nossa Abordagem:<\/span><\/strong> Na Bionurse, n\u00f3s nos dedicamos a fornecer solu\u00e7\u00f5es naturais para o al\u00edvio da dor que demonstraram benef\u00edcios significativos para nossos clientes. Nossos protocolos de al\u00edvio da dor s\u00e3o baseados em princ\u00edpios cient\u00edficos comprovados e t\u00eam ajudado in\u00fameras pessoas a encontrar al\u00edvio da dor cr\u00f4nica.<\/p><p><strong><span style=\"color: #3b6064;\">Capacita\u00e7\u00e3o por meio do Conhecimento:<\/span><\/strong> N\u00f3s acreditamos em capacitar nossos clientes com informa\u00e7\u00f5es sobre v\u00e1rias op\u00e7\u00f5es de al\u00edvio da dor. A influ\u00eancia da ind\u00fastria farmac\u00eautica nas pr\u00e1ticas de prescri\u00e7\u00e3o \u00e9 uma preocupa\u00e7\u00e3o real, e alguns m\u00e9dicos podem ser influenciados a prescrever medicamentos mais prontamente. No entanto, n\u00f3s estamos empenhados em educar nossos clientes sobre op\u00e7\u00f5es alternativas e mais eficazes, como a Terapia com Oz\u00f4nio.<\/p><p><strong><span style=\"color: #3b6064;\">Tomada de Decis\u00e3o Informada:<\/span><\/strong> N\u00f3s o encorajamos a cuidar de sua sa\u00fade e explorar todas as op\u00e7\u00f5es dispon\u00edveis, incluindo m\u00e9todos naturais como a Terapia com Oz\u00f4nio. Nossa equipe experiente est\u00e1 aqui para lhe fornecer as informa\u00e7\u00f5es necess\u00e1rias e suporte para tomar as melhores decis\u00f5es para o seu bem-estar.<\/p><p><strong><span style=\"color: #3b6064;\">\u00c9 Hora de Come\u00e7ar Sua Jornada para o Al\u00edvio da Dor:<\/span><\/strong> Se voc\u00ea est\u00e1 procurando uma abordagem natural e sem medicamentos para controlar a dor cr\u00f4nica, n\u00f3s o convidamos a aproveitar nossa consulta gratuita. Descubra como os protocolos de al\u00edvio da dor da Bionurse podem ajud\u00e1-lo a recuperar o controle de sua vida e encontrar al\u00edvio para a dor.<\/p>\t\t\t\t\t\t\t\t<\/div>\n\t\t\t\t<\/div>\n\t\t\t\t<div class=\"elementor-element elementor-element-96716fb elementor-widget elementor-widget-heading\" data-id=\"96716fb\" data-element_type=\"widget\" data-e-type=\"widget\" data-widget_type=\"heading.default\">\n\t\t\t\t<div class=\"elementor-widget-container\">\n\t\t\t\t\t<h2 class=\"elementor-heading-title elementor-size-default\">Isso realmente elimina completamente a dor?<\/h2>\t\t\t\t<\/div>\n\t\t\t\t<\/div>\n\t\t\t\t<div class=\"elementor-element elementor-element-efb6983 elementor-widget elementor-widget-text-editor\" data-id=\"efb6983\" data-element_type=\"widget\" data-e-type=\"widget\" data-widget_type=\"text-editor.default\">\n\t\t\t\t<div class=\"elementor-widget-container\">\n\t\t\t\t\t\t\t\t\t<p><span style=\"color: #3b6064;\"><strong>Resposta:<\/strong><\/span> Embora n\u00e3o possamos garantir a elimina\u00e7\u00e3o completa da dor para todos os indiv\u00edduos, n\u00f3s estamos comprometidos em fornecer os melhores resultados poss\u00edveis para nossos clientes. Nossa garantia de satisfa\u00e7\u00e3o reflete nossa confian\u00e7a na efic\u00e1cia dos protocolos de al\u00edvio da dor e Terapia com Oz\u00f4nio da Bionurse.<\/p><p><strong><span style=\"color: #3b6064;\">Expectativas Realistas:<\/span><\/strong> Aproximadamente 4 de cada 5 clientes experimentam resultados satisfat\u00f3rios com nossos protocolos. Os resultados satisfat\u00f3rios podem variar de al\u00edvio significativo da dor a uma melhora consider\u00e1vel nas atividades di\u00e1rias e no bem-estar geral. Para alguns casos graves, a elimina\u00e7\u00e3o completa da dor pode n\u00e3o ser poss\u00edvel, mas o al\u00edvio ainda pode ser substancial.<\/p><p><strong><span style=\"color: #3b6064;\">Lidando com a Dor Cr\u00f4nica:<\/span><\/strong> As condi\u00e7\u00f5es de dor cr\u00f4nica podem ser complexas, especialmente se estiverem presentes por um per\u00edodo prolongado. Em alguns casos, a dor prolongada pode levar ao desenvolvimento de outras condi\u00e7\u00f5es que podem n\u00e3o desaparecer completamente com o tratamento. Nosso objetivo \u00e9 eliminar sua dor. Se n\u00e3o pudermos fazer isso, nosso objetivo \u00e9 melhorar sua qualidade de vida para sua satisfa\u00e7\u00e3o.<\/p><p><strong><span style=\"color: #3b6064;\">Foco no Positivo:<\/span><\/strong> N\u00f3s encorajamos nossos clientes a n\u00e3o pensar nos 15% que podem n\u00e3o ter o n\u00edvel de al\u00edvio desejado, e sim focar nos 85% que alcan\u00e7aram o sucesso. A maioria de nossos clientes encontrou al\u00edvio e as estat\u00edsticas mostram que voc\u00ea estar\u00e1 entre aqueles que se beneficiar\u00e3o de nossos protocolos.<\/p><p><strong><span style=\"color: #3b6064;\">Abordagem Personalizada:<\/span><\/strong> Durante sua consulta gratuita, n\u00f3s avaliaremos sua condi\u00e7\u00e3o \u00fanica e forneceremos uma avalia\u00e7\u00e3o honesta dos poss\u00edveis resultados. Nossos provedores licenciados trabalhar\u00e3o em estreita colabora\u00e7\u00e3o com voc\u00ea para criar um plano de tratamento personalizado que atenda \u00e0s suas necessidades e objetivos espec\u00edficos.<\/p><p><strong><span style=\"color: #3b6064;\">Otimize seu Bem-Estar:<\/span> <\/strong>Ao tomar medidas para eliminar sua dor, voc\u00ea recupera o controle sobre sua vida e pode se envolver em atividades que lhe trazem alegria e realiza\u00e7\u00e3o.<\/p><p><strong><span style=\"color: #3b6064;\">Comece Sua Jornada para o Al\u00edvio da Dor:<\/span><\/strong> N\u00e3o deixe a dor impedi-lo por mais tempo. D\u00ea o primeiro passo em dire\u00e7\u00e3o ao al\u00edvio agendando sua consulta gratuita. Nossa equipe est\u00e1 aqui para gui\u00e1-lo em seu caminho para melhorar a sa\u00fade e para uma melhor qualidade de vida.<\/p>\t\t\t\t\t\t\t\t<\/div>\n\t\t\t\t<\/div>\n\t\t\t\t\t<\/div>\n\t\t<\/div>\n\t\t\t\t<div class=\"elementor-column elementor-col-50 elementor-inner-column elementor-element elementor-element-1a98b22b\" data-id=\"1a98b22b\" data-element_type=\"column\" data-e-type=\"column\">\n\t\t\t<div class=\"elementor-widget-wrap elementor-element-populated\">\n\t\t\t\t\t\t<div class=\"elementor-element elementor-element-eb8cd67 elementor-widget elementor-widget-heading\" data-id=\"eb8cd67\" data-element_type=\"widget\" data-e-type=\"widget\" data-widget_type=\"heading.default\">\n\t\t\t\t<div class=\"elementor-widget-container\">\n\t\t\t\t\t<h2 class=\"elementor-heading-title elementor-size-default\">Eu n\u00e3o quero piorar minha situa\u00e7\u00e3o. Como eu posso saber se sua solu\u00e7\u00e3o \u00e9 segura para mim?<\/h2>\t\t\t\t<\/div>\n\t\t\t\t<\/div>\n\t\t\t\t<div class=\"elementor-element elementor-element-48640b9 elementor-widget elementor-widget-text-editor\" data-id=\"48640b9\" data-element_type=\"widget\" data-e-type=\"widget\" data-widget_type=\"text-editor.default\">\n\t\t\t\t<div class=\"elementor-widget-container\">\n\t\t\t\t\t\t\t\t\t<p><strong><span style=\"color: #3b6064;\">Resposta:<\/span><\/strong> Sua seguran\u00e7a \u00e9 nossa maior prioridade na [Nome da Sua Empresa]. N\u00f3s entendemos sua preocupa\u00e7\u00e3o e queremos garantir que a Terapia com Oz\u00f4nio, que utilizamos em nossos Protocolos de Al\u00edvio da Dor, possui um longo hist\u00f3rico de uso seguro com resultados positivos.<\/p><p><strong><span style=\"color: #3b6064;\">Hist\u00f3rico Comprovado:<\/span> <\/strong>A Terapia com Oz\u00f4nio tem sido empregada h\u00e1 centenas de anos, demonstrando sua efic\u00e1cia e seguran\u00e7a em v\u00e1rias aplica\u00e7\u00f5es m\u00e9dicas. Ela estimula os processos naturais do seu corpo, permitindo que funcionem como foram projetados, o que pode levar ao al\u00edvio da dor e ao bem-estar geral.<\/p><p><strong><span style=\"color: #3b6064;\">Abordagem Personalizada:<\/span><\/strong> Durante sua consulta gratuita, nossos provedores licenciados e treinados avaliar\u00e3o minuciosamente seu hist\u00f3rico m\u00e9dico e condi\u00e7\u00e3o espec\u00edfica. Isso garante que o tratamento seja adaptado para atender \u00e0s suas necessidades individuais e que seja seguro para voc\u00ea.<\/p><p><strong><span style=\"color: #3b6064;\">Equipamentos de Ponta:<\/span> <\/strong>Na Bionurse, n\u00f3s usamos equipamentos testados em laborat\u00f3rio que atendem aos mais altos padr\u00f5es de seguran\u00e7a. Nossa equipe tem experi\u00eancia em administrar a Terapia com Oz\u00f4nio com seguran\u00e7a, proporcionando tranquilidade durante todo o processo de tratamento.<\/p><p><strong><span style=\"color: #3b6064;\">Sua Seguran\u00e7a \u00e9 Garantida:<\/span><\/strong> N\u00f3s queremos que voc\u00ea se sinta confiante e relaxado sobre sua decis\u00e3o de experimentar nossos Protocolos de Al\u00edvio da Dor. Nosso compromisso com o seu bem-estar significa que nunca comprometeremos a seguran\u00e7a e estaremos com voc\u00ea a cada passo do caminho.<\/p><p><strong><span style=\"color: #3b6064;\">Comece Sua Jornada Segura para o Al\u00edvio da Dor:<\/span> <\/strong>Se voc\u00ea est\u00e1 procurando uma solu\u00e7\u00e3o segura e natural para aliviar sua dor, n\u00f3s recomendamos que voc\u00ea d\u00ea o primeiro passo agendando sua consulta gratuita. Deixe-nos abordar suas preocupa\u00e7\u00f5es e criar um plano de tratamento que priorize sua seguran\u00e7a e conforto.<\/p>\t\t\t\t\t\t\t\t<\/div>\n\t\t\t\t<\/div>\n\t\t\t\t<div class=\"elementor-element elementor-element-3c83545 elementor-widget elementor-widget-heading\" data-id=\"3c83545\" data-element_type=\"widget\" data-e-type=\"widget\" data-widget_type=\"heading.default\">\n\t\t\t\t<div class=\"elementor-widget-container\">\n\t\t\t\t\t<h2 class=\"elementor-heading-title elementor-size-default\">Isso \u00e9 caro, como eu posso saber que receberei um bom valor pelo meu dinheiro?<\/h2>\t\t\t\t<\/div>\n\t\t\t\t<\/div>\n\t\t\t\t<div class=\"elementor-element elementor-element-86cc819 elementor-widget elementor-widget-text-editor\" data-id=\"86cc819\" data-element_type=\"widget\" data-e-type=\"widget\" data-widget_type=\"text-editor.default\">\n\t\t\t\t<div class=\"elementor-widget-container\">\n\t\t\t\t\t\t\t\t\t<p><strong><span style=\"color: #3b6064;\">Resposta:<\/span><\/strong> Ser livre de dor n\u00e3o tem pre\u00e7o e pode melhorar significativamente sua qualidade de vida. Imagine acordar todos os dias sem o peso da dor cr\u00f4nica o impedindo. Na Bionurse, n\u00f3s acreditamos que investir no seu bem-estar \u00e9 uma das a\u00e7\u00f5es mais importantes que voc\u00ea pode realizar para melhorar sua vida.<\/p><p><strong><span style=\"color: #3b6064;\">Os Benef\u00edcios do Al\u00edvio da Dor:<\/span><\/strong> Quando voc\u00ea est\u00e1 livre da dor, voc\u00ea pode experimentar uma nova sensa\u00e7\u00e3o de liberdade, energia e felicidade. O al\u00edvio da dor permite que voc\u00ea se envolva mais plenamente em atividades de que gosta, passe um tempo de qualidade com seus entes queridos e persiga suas paix\u00f5es sem limita\u00e7\u00f5es.<\/p><p><strong><span style=\"color: #3b6064;\">Chega de Concess\u00f5es:<\/span> <\/strong>Viver com dor muitas vezes obriga os indiv\u00edduos a fazer concess\u00f5es em suas vidas di\u00e1rias. O al\u00edvio da dor permite que voc\u00ea recupere o controle sobre sua vida, permitindo que voc\u00ea se concentre em seu crescimento pessoal, trabalho e felicidade geral.<\/p><p><strong><span style=\"color: #3b6064;\">Solu\u00e7\u00f5es Acess\u00edveis:<\/span><\/strong> N\u00f3s entendemos as preocupa\u00e7\u00f5es com custos, e \u00e9 por isso que oferecemos descontos substanciais de 30%, 40% ou 50% para clientes iniciantes, dependendo do n\u00edvel de servi\u00e7o combinado que voc\u00ea escolher. Nossa consulta gratuita fornecer\u00e1 a voc\u00ea o custo exato do servi\u00e7o que atende \u00e0s suas necessidades, e nosso sistema de pagamento mensal garante acessibilidade.<\/p><p><strong><span style=\"color: #3b6064;\">Satisfa\u00e7\u00e3o Garantida:<\/span><\/strong> Sua satisfa\u00e7\u00e3o \u00e9 nossa prioridade. Nossos Protocolos de Al\u00edvio da Dor ajudaram v\u00e1rios clientes a encontrar al\u00edvio e estamos confiantes de que tamb\u00e9m podem funcionar para voc\u00ea. Se voc\u00ea n\u00e3o ficar satisfeito com os resultados, devolvemos seu dinheiro.<\/p><p><strong><span style=\"color: #3b6064;\">Tome uma Atitude para uma Vida Sem Dor:<\/span><\/strong> N\u00e3o deixe a dor impedi-lo por mais tempo. Invista no seu bem-estar e experimente o valor de n\u00e3o sentir dor. Nossa equipe experiente est\u00e1 aqui para apoi\u00e1-lo em sua jornada para uma vida mais saud\u00e1vel, feliz e sem dor.<\/p>\t\t\t\t\t\t\t\t<\/div>\n\t\t\t\t<\/div>\n\t\t\t\t<div class=\"elementor-element elementor-element-1cebd7e elementor-widget elementor-widget-heading\" data-id=\"1cebd7e\" data-element_type=\"widget\" data-e-type=\"widget\" data-widget_type=\"heading.default\">\n\t\t\t\t<div class=\"elementor-widget-container\">\n\t\t\t\t\t<h2 class=\"elementor-heading-title elementor-size-default\">E se isso n\u00e3o funcionar?<\/h2>\t\t\t\t<\/div>\n\t\t\t\t<\/div>\n\t\t\t\t<div class=\"elementor-element elementor-element-947a812 elementor-widget elementor-widget-text-editor\" data-id=\"947a812\" data-element_type=\"widget\" data-e-type=\"widget\" data-widget_type=\"text-editor.default\">\n\t\t\t\t<div class=\"elementor-widget-container\">\n\t\t\t\t\t\t\t\t\t<p><span style=\"color: #3b6064;\">Resposta:<\/span> N\u00f3s compreendemos sua preocupa\u00e7\u00e3o com a efic\u00e1cia dos protocolos de al\u00edvio da dor da Bionurse. Embora seja verdade que nossos protocolos podem n\u00e3o funcionar para todos, n\u00f3s temos orgulho de compartilhar que eles ajudaram aproximadamente 85% de nossos clientes a encontrar al\u00edvio para dores cr\u00f4nicas.<\/p><p><strong><span style=\"color: #3b6064;\">Explorando Suas Op\u00e7\u00f5es:<\/span><\/strong> Se voc\u00ea est\u00e1 preocupado de entrar no grupo dos 15%, n\u00f3s queremos garantir que adotamos uma abordagem personalizada para o tratamento de cada cliente. Durante sua consulta gratuita, sua enfermeira experiente avaliar\u00e1 sua condi\u00e7\u00e3o \u00fanica, hist\u00f3rico m\u00e9dico e necessidade de controle da dor para determinar o melhor curso de a\u00e7\u00e3o.<\/p><p><strong><span style=\"color: #3b6064;\">Foco em Hist\u00f3rias de Sucesso:<\/span><\/strong> N\u00f3s o encorajamos a considerar o n\u00famero significativo de clientes que experimentaram resultados positivos com nossos protocolos. Suas hist\u00f3rias de sucesso e refer\u00eancias mostram os benef\u00edcios potenciais de nossos m\u00e9todos naturais de al\u00edvio da dor.<\/p><p><span style=\"color: #3b6064;\"><strong>Acessibilidade e Satisfa\u00e7\u00e3o Garantida:<\/strong> <\/span>N\u00f3s queremos tornar nosso tratamento o mais acess\u00edvel poss\u00edvel. Nosso sistema de pagamento mensal garante acessibilidade, permitindo que voc\u00ea aproveite nossos servi\u00e7os sem problemas financeiros. Al\u00e9m disso, sua satisfa\u00e7\u00e3o \u00e9 nossa principal prioridade e n\u00f3s garantimos a efic\u00e1cia de nossos protocolos.<\/p><p><strong><span style=\"color: #3b6064;\">N\u00e3o Perca uma Solu\u00e7\u00e3o Poss\u00edvel:<\/span> <\/strong>Embora n\u00e3o haja garantias em nenhum tratamento m\u00e9dico, vale a pena considerar a oportunidade de fazer parte do grupo de 85% que encontra al\u00edvio. Dar um passo para experimentar os Protocolos de Al\u00edvio da Dor da Bionurse pode mudar sua vida, e voc\u00ea tem muito a ganhar.<\/p><p><strong><span style=\"color: #3b6064;\">Comece Sua Jornada para o Al\u00edvio da Dor:<\/span><\/strong> Comece sua jornada sem dor hoje agendando sua consulta gratuita. Nossa equipe est\u00e1 pronta para ouvir, entender suas preocupa\u00e7\u00f5es e trabalhar com voc\u00ea para criar um plano personalizado visando melhorar seu bem-estar.<\/p>\t\t\t\t\t\t\t\t<\/div>\n\t\t\t\t<\/div>\n\t\t\t\t\t<\/div>\n\t\t<\/div>\n\t\t\t\t\t<\/div>\n\t\t<\/section>\n\t\t\t\t<div class=\"elementor-element elementor-element-f6684e5 elementor-widget elementor-widget-text-editor\" data-id=\"f6684e5\" data-element_type=\"widget\" data-e-type=\"widget\" data-widget_type=\"text-editor.default\">\n\t\t\t\t<div class=\"elementor-widget-container\">\n\t\t\t\t\t\t\t\t\t<p style=\"text-align: center;\"><strong>Can&#8217;t find an answer to your question?<\/strong><\/p>\t\t\t\t\t\t\t\t<\/div>\n\t\t\t\t<\/div>\n\t\t\t\t<div class=\"elementor-element elementor-element-750c3d5 elementor-widget elementor-widget-text-editor\" data-id=\"750c3d5\" data-element_type=\"widget\" data-e-type=\"widget\" data-widget_type=\"text-editor.default\">\n\t\t\t\t<div class=\"elementor-widget-container\">\n\t\t\t\t\t\t\t\t\t<p style=\"text-align: center;\"><strong>We would love to respond in person. Just click below to get started.<\/strong><\/p>\t\t\t\t\t\t\t\t<\/div>\n\t\t\t\t<\/div>\n\t\t\t\t\t<\/div>\n\t\t<\/div>\n\t\t\t\t\t<\/div>\n\t\t<\/section>\n\t\t\t\t<\/div>\n\t\t","protected":false},"excerpt":{"rendered":"<p>FAQs (Perguntas Frequentes) N\u00f3s recebemos estas perguntas com frequ\u00eancia. Aqui est\u00e3o as melhores respostas&#8230; Eu tentei de tudo. Agora eu sou c\u00e9tico. Eu acredito que nada funciona. Por que eu deveria acreditar em voc\u00eas? Respostas: N\u00f3s entendemos seu ceticismo e estamos aqui para ajudar. Na Bionurse, n\u00f3s nos especializamos em Terapia com Oz\u00f4nio, uma abordagem [&hellip;]<\/p>\n","protected":false},"author":1,"featured_media":0,"parent":0,"menu_order":0,"comment_status":"closed","ping_status":"closed","template":"elementor_header_footer","meta":{"footnotes":""},"class_list":["post-2032","page","type-page","status-publish","hentry"],"_links":{"self":[{"href":"https:\/\/ibeeauty.com\/index.php\/wp-json\/wp\/v2\/pages\/2032","targetHints":{"allow":["GET"]}}],"collection":[{"href":"https:\/\/ibeeauty.com\/index.php\/wp-json\/wp\/v2\/pages"}],"about":[{"href":"https:\/\/ibeeauty.com\/index.php\/wp-json\/wp\/v2\/types\/page"}],"author":[{"embeddable":true,"href":"https:\/\/ibeeauty.com\/index.php\/wp-json\/wp\/v2\/users\/1"}],"replies":[{"embeddable":true,"href":"https:\/\/ibeeauty.com\/index.php\/wp-json\/wp\/v2\/comments?post=2032"}],"version-history":[{"count":5,"href":"https:\/\/ibeeauty.com\/index.php\/wp-json\/wp\/v2\/pages\/2032\/revisions"}],"predecessor-version":[{"id":3022,"href":"https:\/\/ibeeauty.com\/index.php\/wp-json\/wp\/v2\/pages\/2032\/revisions\/3022"}],"wp:attachment":[{"href":"https:\/\/ibeeauty.com\/index.php\/wp-json\/wp\/v2\/media?parent=2032"}],"curies":[{"name":"wp","href":"https:\/\/api.w.org\/{rel}","templated":true}]}}